base 10) to base 8.
-64714
2536 (base 7) to base 11
7a1
3303 (base 15) to base 3
112211010
Convert 8c4 (base 13) to base 9.
2060
11131302 (base 4) to base 3
1010201010
348 (base 9) to base 13
191
What is 452 (base 11) in base 15?
261
What is -29275 (base 12) in base 7?
-326231
Convert -104142 (base 6) to base 13.
-3c65
Convert 12740 (base 10) to base 9.
18425
Convert -2530 (base 9) to base 5.
-30030
What is 16452 (base 7) in base 2?
1001001010100
What is 265135 (base 7) in base 4?
30022102
-273 (base 8) to base 4
-2323
What is 1601b (base 12) in base 3?
1120200212
Convert 1c0c (base 16) to base 8.
16014
What is 565 (base 8) in base 15?
19d
Convert 389 (base 15) to base 16.
324
Convert 2031 (base 4) to base 16.
8d
115656 (base 7) to base 10
21258
Convert -85a (base 13) to base 16.
-593
What is 620 (base 7) in base 4?
10310
-380 (base 15) to base 12
-563
What is 100000010001 (base 2) in base 10?
2065
What is -a7 (base 12) in base 15?
-87
What is 212010 (base 3) in base 9?
763
-60583 (base 9) to base 16
-9ba6
-44a (base 11) to base 9
-657
-10300 (base 5) to base 2
-1010111100
Convert 623 (base 13) to base 12.
72b
Convert 386 (base 13) to base 2.
1001101001
Convert -152 (base 13) to base 12.
-178
What is 1d5 (base 15) in base 2?
110101001
Convert -1054 (base 6) to base 2.
-11111010
10011011 (base 2) to base 14
b1
Convert 21360 (base 7) to base 10.
5334
-101101000 (base 2) to base 10
-360
5405 (base 11) to base 14
2864
1122 (base 13) to base 2
100101011010
114034 (base 5) to base 15
13e9
Convert 11111010111 (base 2) to base 9.
2670
-1421 (base 9) to base 13
-646
Convert -1243 (base 10) to base 3.
-1201001
What is 1824 (base 13) in base 3?
11220120
What is -8b6 (base 14) in base 16?
-6c0
What is -1677 (base 14) in base 8?
-7671
What is 10201120 (base 3) in base 5?
41330
What is 111052 (base 9) in base 14?
1a29c
Convert -7185 (base 9) to base 12.
-3065
What is -110100111 (base 2) in base 4?
-12213
What is 51d (base 15) in base 16?
481
2887 (base 14) to base 9
10752
What is 18663 (base 9) in base 6?
135520
What is -35041 (base 7) in base 13?
-40c3
What is 622b (base 16) in base 8?
61053
What is 804 (base 11) in base 16?
3cc
What is -1254 (base 13) in base 3?
-10120110
Convert -1022210111 (base 3) to base 11.
-18673
What is -16667 (base 8) in base 10?
-7607
Convert -1c6 (base 15) to base 6.
-1523
-af4 (base 16) to base 4
-223310
What is -106 (base 8) in base 15?
-4a
What is 1b8 (base 13) in base 6?
1252
Convert -b04 (base 12) to base 2.
-11000110100
4013 (base 10) to base 2
111110101101
1b3 (base 15) to base 13
243
Convert -465 (base 16) to base 4.
-101211
Convert 38c (base 16) to base 13.
54b
-61 (base 11) to base 7
-124
Convert 34115 (base 7) to base 4.
2012330
What is -185 (base 9) in base 8?
-236
Convert -893 (base 10) to base 11.
-742
Convert -2372 (base 8) to base 16.
-4fa
Convert 564 (base 12) to base 15.
381
What is -400 (base 7) in base 5?
-1241
What is -4012 (base 12) in base 10?
-6926
Convert -21312111 (base 4) to base 13.
-15492
Convert 122321 (base 4) to base 2.
11010111001
Convert 12727 (base 12) to base 7.
133363
-232112 (base 4) to base 7
-11435
Convert -58 (base 14) to base 15.
-53
What is -d8 (base 15) in base 2?
-11001011
Convert -15ee9 (base 15) to base 10.
-70869
1c7d (base 14) to base 12
301b
What is 2763 (base 8) in base 12?
a6b
13317 (base 10) to base 6
141353
4421100 (base 5) to base 10
76400
What is 4b4a (base 14) in base 13?
6013
-210210 (base 3) to base 13
-363
Convert -2102102 (base 3) to base 8.
-3346
Convert 7c2 (base 13) to base 5.
20331
-3105 (base 15) to base 12
-5bab
What is 5827 (base 12) in base 6?
113251
Convert -191d (base 15) to base 2.
-1010100110100
-44 (base 13) to base 8
-70
Convert 442231 (base 7) to base 8.
227506
Convert 11322030 (base 4) to base 6.
304020
What is -7277 (base 8) in base 4?
-322333
422 (base 11) to base 2
111111100
Convert -2352 (base 8) to base 11.
-a44
234 (base 11) to base 12
1b3
1011101111 (base 2) to base 8
1357
Convert -30276 (base 8) to base 2.
-11000010111110
What is 2323 (base 6) in base 3?
202120
Convert -10110011 (base 2) to base 12.
-12b
What is -32044 (base 5) in base 11?
-1684
What is -13133 (base 6) in base 16?
-7d1
-10422 (base 6) to base 4
-112232
-797 (base 10) to base 7
-2216
What is 150253 (base 6) in base 5?
424421
What is c3d (base 15) in base 8?
5306
What is 4114 (base 6) in base 7?
2440
2d6 (base 16) to base 14
39c
Convert 1565 (base 8) to base 13.
531
Convert -5354 (base 9) to base 10.
-3937
What is 162545 (base 8) in base 3?
2222120000
What is 22112220 (base 3) in base 2?
1100001011010
-133 (base 7) to base 5
-243
Convert -5431 (base 12) to base 2.
-10010000100101
-14250 (base 10) to base 12
-82b6
Convert -c5 (base 14) to base 10.
-173
What is 34120 (base 6) in base 9?
6523
What is -1452 (base 10) in base 9?
-1883
Convert 22232 (base 9) to base 7.
61031
What is 212424 (base 7) in base 5?
2140130
What is 6828 (base 10) in base 3?
100100220
-50 (base 12) to base 16
-3c
What is 41b0 (base 16) in base 10?
16816
Convert 2373b (base 12) to base 11.
32934
Convert -1277 (base 10) to base 12.
-8a5
Convert -10101102 (base 3) to base 16.
-9a4
Convert 706 (base 9) to base 8.
1075
Convert -124411 (base 5) to base 12.
-2a71
3b7 (base 12) to base 2
1000111011
What is -1a50 (base 15) in base 10?
-5700
What is -1123231 (base 5) in base 3?
-1001001002
What is 2203111 (base 4) in base 16?
28d5
Convert -84 (base 9) to base 7.
-136
What is 1101011101 (base 2) in base 10?
861
Convert 478 (base 15) to base 8.
1765
What is 3782 (base 9) in base 5?
42303
27849 (base 11) to base 4
21223010
What is 438 (base 16) in base 8?
2070
What is 102121221 (base 3) in base 10?
8476
Convert -d6 (base 16) to base 4.
-3112
Convert -2120 (base 6) to base 8.
-740
Convert -430222 (base 5) to base 13.
-6757
What is -7114 (base 8) in base 9?
-5016
What is a8 (base 13) in base 2?
10001010
What is -5254 (base 8) in base 12?
-16b8
328 (base 15) to base 4
23021
Convert -10767 (base 16) to base 15.
-14ea6
-511 (base 11) to base 7
-1541
Convert d0 (base 14) to base 11.
156
-2a41 (base 14) to base 9
-11258
1014002 (base 6) to base 4
23322302
What is -aa (base 14) in base 13?
-b7
-c0 (base 13) to base 10
-156
Convert -2e2d (base 16) to base 12.
-6a11
-2344 (base 13) to base 9
-6717
What is 4015 (base 8) in base 10?
2061
Convert -3036 (base 11) to base 2.
-111111000000
Convert 73771 (base 8) to base 15.
9178
What is 22122 (base 4) in base 3?
220200
-102201021 (base 3) to base 15
-27e4
Convert 291b7 (base 12) to base 6.
1121151
What is -61420 (base 7) in base 9?
-22461
1237 (base 14) to base 2
110001110001
31141 (base 7) to base 6
55144
1108 (base 12) to base 4
131120
14083 (base 11) to base 3
1000111211
-11102101 (base 3) to base 13
-160c
Convert -3a6d (base 16) to base 12.
-87a5
What is -4a (base 14) in base 15?
-46
What is 29a (base 11) in base 3?
111000
1c94 (base 13) to base 14
1826
-225 (base 13) to base 11
-306
Convert -ba0 (base 12) to base 16.
-6a8
What is -158bb (base 13) in base 10?
-41052
What is 1335 (base 12) in base 8?
4231
What is -28664 (base 9) in base 16?
-4c2a
Convert 1115 (base 10) to base 12.
78b
Convert 24c68 (base 13) to base 12.
33448
627 (base 9) to base 15
241
Convert 213 (base 9) to base 3.
20110
-13301203 (base 4) to base 15
-967d
What is -ce (base 15) in base 11?
-167
What is 2545 (base 16) in base 5?
301131
1222120021 (base 3) to base 12
1a721
Convert 8d87 (base 16) to base 7.
210426
Convert 3530 (base 8) to base 16.
758
Convert -120021012 (base 3) to base 16.
-2b79
What is 10000011 (base 2) in base 3?
11212
What is -514351 (base 6) in base 8?
-120333
Convert -71c (base 14) to base 2.
-10101110110
54 (base 9) to base 13
3a
Convert -31ec (base 16) to base 3.
-122112100
Convert -13aa (base 15) to base 12.
-252a
Convert 101021 (base 3) to base 4.
10111
Convert 1520 (base 6) to base 9.
503
What is 21030101 (base 4) in base 15?
b24e
Convert 12151 (base 6) to base 8.
3403
What is -3408 (base 9) in base 6?
-15355
1011110111111110 (base 2) to base 3
2110201102
Convert -17696 (base 10) to base 3.
-220021102
Convert -320040 (base 5) to base 10.
-10645
-10357 (base 9) to base 2
-1101011001000
2112122 (base 4) to base 3
111012112
What is 18a (base 14) in base 11?
26a
Convert -20c (base 15) to bas